{"id":339,"date":"2018-01-22T15:11:07","date_gmt":"2018-01-22T19:11:07","guid":{"rendered":"http:\/\/ayuntamiento.o\/transparencia\/?page_id=339"},"modified":"2022-04-26T18:04:08","modified_gmt":"2022-04-26T22:04:08","slug":"como-ser-proveedor","status":"publish","type":"page","link":"https:\/\/juntamunicipalcanabacoa.gob.do\/transparencia\/como-ser-proveedor\/","title":{"rendered":"\u00bfC\u00f3mo ser proveedor?"},"content":{"rendered":"<div class=\"content-right mb-4\">\n<h5 class=\"text-dark text-uppercase\">DOCUMENTOS COMUNES A TODOS LOS SOLICITANTES:<\/h5>\n<ol>\n<li>Declaraci\u00f3n original simple, que no necesita ser legalizada por notario. Deber\u00e1 tener como m\u00ednimo un per\u00edodo de vigencia de treinta (30) d\u00edas calendario, a partir de la fecha de su firma.\n<ul>\n<li><a title=\"Declaraci\u00f3n Sencilla Personas F\u00edsicas\" href=\"https:\/\/www.dgcp.gob.do\/wp-content\/uploads\/servicios\/declaracion-sencilla-personas-naturales.docx\" target=\"_blank\" rel=\"noopener noreferrer\">Declaraci\u00f3n Sencilla Personas F\u00edsicas<\/a><\/li>\n<li><a title=\"Declaraci\u00f3n Sencilla Persona Jur\u00eddica\" href=\"https:\/\/www.dgcp.gob.do\/wp-content\/uploads\/servicios\/declaracion-sencilla-persona-juridica.docx\" target=\"_blank\" rel=\"noopener noreferrer\">Declaraci\u00f3n Sencilla Persona Jur\u00eddica<\/a><\/li>\n<\/ul>\n<\/li>\n<li>Completar formulario de solicitud (Si la solicitud es presencial).\n<ul>\n<li><a href=\"https:\/\/www.dgcp.gob.do\/wp-content\/uploads\/servicios\/inscripcion-actualizacion-en-el-registro-de-proveedores.pdf\" target=\"_blank\" rel=\"noopener noreferrer\">Formulario para inscripci\u00f3n-actualizaci\u00f3n en el Registro de Proveedores y cuenta bancaria para fines de pago<\/a><\/li>\n<\/ul>\n<\/li>\n<\/ol>\n<p><b>Nota:<\/b>\u00a0Le recordamos que debe estar previamente inscrito en el Registro Nacional del Contribuyente (RNC) y encontrarse al d\u00eda en el pago de sus obligaciones fiscales DGII &amp; TSS (En caso de tener empleados registrados).<\/p>\n<\/div>\n<div class=\"content-right mb-4\">\n<h5 class=\"text-dark text-uppercase\">PERSONAS F\u00cdSICAS NACIONALES:<\/h5>\n<p><b>Nota:<\/b>\u00a0Para la asignaci\u00f3n de las actividades comerciales en el Registro de Proveedores del Estado (RPE), la Direcci\u00f3n General de Contrataciones P\u00fablicas tomar\u00e1 en cuenta las actividades declaradas en la Direcci\u00f3n General de Impuestos Internos (DGII), seg\u00fan corresponda; para las personas f\u00edsicas que tengan m\u00e1s de una actividad comercial, la Direcci\u00f3n General utilizar\u00e1 la copia del Acta de Inscripci\u00f3n del Registro Nacional de Contribuyentes (RNC) emitida por la DGII en las que indique las actividades principales y secundarias.<\/p>\n<\/div>\n<div class=\"content-right mb-4\">\n<h5 class=\"text-dark text-uppercase\">PERSONAS JUR\u00cdDICAS NACIONALES:<\/h5>\n<ol start=\"3\">\n<li>Deber\u00e1 presentar copia del Registro Mercantil por la C\u00e1mara de Comercio y Producci\u00f3n que corresponda. Nota: En el caso de que el objeto social no est\u00e9 completo en el Registro Mercantil, deber\u00e1 presentar copia de los estatutos.<\/li>\n<li>Copia de los estatutos (Para empresas de reciente creaci\u00f3n) o de la \u00faltima asamblea celebrada donde se verifique la composici\u00f3n accionaria, registrada y sellada ante la C\u00e1mara de Comercio y Producci\u00f3n correspondiente.<\/li>\n<li>Cuando una empresa sea socia o accionista de otra empresa que solicite o tenga Registro de Proveedor del Estado, deber\u00e1 presentar copia de los estatutos o de la \u00faltima asamblea celebrada donde se verifique la composici\u00f3n societaria de la empresa accionista o socia.<\/li>\n<\/ol>\n<p><b>Nota 1:<\/b>\u00a0En el caso de que la empresa accionista tenga su Registro de Proveedores Actualizado, no se requerir\u00e1 dicha informaci\u00f3n.<\/p>\n<p><b>Nota 2:<\/b>\u00a0Para la asignaci\u00f3n de las actividades comerciales en el Registro de Proveedores del Estado (RPE), la Direcci\u00f3n General de Contrataciones P\u00fablicas tomar\u00e1 en cuenta del registro mercantil las actividades comerciales registradas en la C\u00e1mara de Comercio y Producci\u00f3n.<\/p>\n<\/div>\n<div class=\"content-right mb-4\">\n<h5 class=\"text-dark text-uppercase\">ASOCIACIONES SIN FINES DE LUCRO (LEY 122-05)<\/h5>\n<p>Solo podr\u00e1n inscribirse en el Registro de Proveedores del Estado las asociaciones de beneficio p\u00fablico o de servicio a terceras personas, previstas en el numeral 1 del art\u00edculo 10 de la Ley N\u00fam. 122-05. A tales fines, deber\u00e1n presentar:<\/p>\n<ol>\n<li>Copia de los estatutos o de la \u00faltima asamblea celebrada donde se verifique el objeto social vigente y que el mismo se corresponda con la actividad comercial solicitada.<\/li>\n<li>Copia del Certificado de incorporaci\u00f3n de la asociaci\u00f3n sin fines de lucro.<\/li>\n<li>Copia del acta donde se designa la junta directiva vigente con sus datos (nombre completo, n\u00famero de identificaci\u00f3n personal, cargo que desempe\u00f1a).<\/li>\n<\/ol>\n<\/div>\n<div class=\"content-right mb-4\">\n<h5 class=\"text-dark text-uppercase\">COOPERATIVAS<\/h5>\n<p>Solo podr\u00e1n inscribirse en el Registro de Proveedores del Estado las cooperativas que sus estatutos les permitan ser contratados por terceros que no sean sus asociados. A tales fines, deber\u00e1n presentar:<\/p>\n<ol>\n<li>Copia del Decreto de incorporaci\u00f3n de la cooperativa.<\/li>\n<li>Certificaci\u00f3n original emitida por el Instituto de Desarrollo y Cr\u00e9dito Cooperativo (IDECOOP), que le acredite como cooperativa, la cual no podr\u00e1 exceder los treinta (30) d\u00edas calendarios contados a partir de su expedici\u00f3n.<\/li>\n<li>Copia certificada por el secretario(a) de la cooperativa, del acta donde se designa la junta directiva actual con sus datos (nombre completo, n\u00famero de identificaci\u00f3n personal, cargo que desempe\u00f1a).<\/li>\n<li>Copia de los estatutos o de la \u00faltima asamblea celebrada donde se verifique el objeto social actual.<\/li>\n<\/ol>\n<\/div>\n<div class=\"content-right mb-4\">\n<h5 class=\"text-dark text-uppercase\">CONSORCIOS:<\/h5>\n<p>Dado que los consorcios no necesitan estar inscritos en el Registro de Proveedor del Estado (RPE) para participar en los procedimientos de contrataci\u00f3n p\u00fablica, el Portal Transaccional le asignar\u00e1 una inscripci\u00f3n provisional a los fines de que puedan presentar sus ofertas electr\u00f3nicas.<\/p>\n<p>Las personas f\u00edsicas y jur\u00eddicas que integren el consorcio deber\u00e1n estar previamente inscritas en el Registro de Proveedores del Estado y sus documentos deber\u00e1n estar vigentes.<\/p>\n<\/div>\n<div class=\"content-right mb-4\">\n<h5 class=\"text-dark text-uppercase\">INSCRIPCI\u00d3N PROVISIONAL DE LOS CONSORCIOS:<\/h5>\n<ol>\n<li>Copia del acto de constituci\u00f3n del consorcio, incluyendo su objeto, el cual deber\u00e1 ser compactible con el objeto del procedimiento de contrataci\u00f3n, el n\u00famero de procedimiento de contrataci\u00f3n en el que participar\u00eda, las obligaciones de las partes, su duraci\u00f3n, la capacidad de ejercicio de cada miembro del consorcio, la designaci\u00f3n del representante, sus reglas generales, la responsabilidad solidaria de los integrantes por los actos practicados en el consorcio, tanto en la fase de selecci\u00f3n, como en la de ejecuci\u00f3n del contrato.<\/li>\n<li>Declaraci\u00f3n original simple firmada por el representante del consorcio.<\/li>\n<\/ol>\n<p>Nota: Los consorcios deber\u00e1n solicitar su inscripci\u00f3n definitiva, en el Registro de Proveedores del Estado, cuando resulten adjudicatarios de un proceso de contrataci\u00f3n p\u00fablica y previa a la suscripci\u00f3n del contrato, en un plazo no mayor de diez (10) d\u00edas h\u00e1biles, a partir de la fecha de notificaci\u00f3n de la adjudicaci\u00f3n.<\/p>\n<\/div>\n<div class=\"content-right mb-4\">\n<h5 class=\"text-dark text-uppercase\">INSCRIPCI\u00d3N DEFINITIVA DE LOS CONSORCIOS:<\/h5>\n<ol>\n<li>Copia del acta de adjudicaci\u00f3n emitida por la instituci\u00f3n contratante.<\/li>\n<li>Declaraci\u00f3n simple de que no ha participado de manera simult\u00e1nea, en el mismo procedimiento, a trav\u00e9s de m\u00e1s de un consorcio o individualmente, que s\u00f3lo tiene una participaci\u00f3n, y que mantendr\u00e1 todas las condiciones habilitantes y t\u00e9cnicas durante la ejecuci\u00f3n del contrato.<\/li>\n<li>Declaraci\u00f3n simple de la instituci\u00f3n contratante de cu\u00e1l fue el porcentaje de participaci\u00f3n de cada consorciado en la habilitaci\u00f3n t\u00e9cnica y financiera con base en la cual se haya decidido la adjudicaci\u00f3n.<\/li>\n<\/ol>\n<\/div>\n<div class=\"content-right mb-4\">\n<h5 class=\"text-dark text-uppercase\">OTRAS PERSONAS JUR\u00cdDICAS:<\/h5>\n<ol>\n<li>Copia certificada por el organismo competente del documento legal que lo faculte a operar, donde demuestre el objeto social o actividad comercial a la que se dedica, firmado por los miembros de la junta directiva con el sello de la instituci\u00f3n.<\/li>\n<li>Copia del acta donde se designa el consejo de administraci\u00f3n actual con sus datos (nombre completo, n\u00famero de identificaci\u00f3n personal, cargo que desempe\u00f1a).<\/li>\n<\/ol>\n<\/div>\n<div class=\"content-right mb-4\">\n<h5 class=\"text-dark text-uppercase\">PERSONAS F\u00cdSICAS Y JUR\u00cdDICAS EXTRANJERAS:<\/h5>\n<p>Dado que las personas f\u00edsicas o jur\u00eddicas extranjeras no necesitan estar inscritos en el Registro de Proveedor del Estado (RPE) para participar en los procedimientos de contrataci\u00f3n p\u00fablica, el Portal Transaccional le asignar\u00e1 una inscripci\u00f3n provisional a los fines de que puedan presentar sus ofertas electr\u00f3nicas.<\/p>\n<\/div>\n<div class=\"content-right mb-4\">\n<h5 class=\"text-dark text-uppercase\">INSCRIPCI\u00d3N PROVISIONAL PARA LAS PERSONAS F\u00cdSICAS Y JUR\u00cdDICAS EXTRANJERAS:<\/h5>\n<ul>\n<li>Completar el formulario de solicitud en l\u00ednea.<\/li>\n<\/ul>\n<p>Nota: Las personas f\u00edsicas y jur\u00eddicas extranjeras deber\u00e1n solicitar su inscripci\u00f3n definitiva, en el Registro de Proveedores del Estado, cuando resulten adjudicatarios de un proceso de contrataci\u00f3n p\u00fablica y previa a la suscripci\u00f3n del contrato, en un plazo no mayor de diez (10) d\u00edas h\u00e1biles, a partir de la fecha de notificaci\u00f3n de la adjudicaci\u00f3n.<\/p>\n<\/div>\n<div class=\"content-right mb-4\">\n<h5 class=\"text-dark text-uppercase\">INSCRIPCI\u00d3N DEFINITIVA PARA LAS PERSONAS F\u00cdSICAS Y JUR\u00cdDICAS EXTRANJERAS:<\/h5>\n<ol>\n<li>El objeto social o actividad comercial.<\/li>\n<li>Documento de identidad.<\/li>\n<li>El \u00f3rgano de administraci\u00f3n donde se haga constar: a) el nombre completo; b) documento de identidad; y, c) cargo de quienes lo componen, en caso de que aplique.<\/li>\n<li>La composici\u00f3n accionaria donde conste la distribuci\u00f3n porcentual de todos sus accionistas. En caso de que la persona jur\u00eddica cotice en la bolsa de valores, deber\u00e1 presentar documento que evidencie la composici\u00f3n de su consejo de administraci\u00f3n vigente.<\/li>\n<li>La documentaci\u00f3n que demuestre que se encuentra al d\u00eda con el pago de sus obligaciones fiscales y de seguridad social. Nota: La documentaci\u00f3n que se encuentre en un idioma diferente al espa\u00f1ol, deber\u00e1 presentarse debidamente traducida por un traductor judicial.<\/li>\n<\/ol>\n<p>Nota: En el caso de que la traducci\u00f3n sea realizada en la Rep\u00fablica Dominicana, la misma deber\u00e1 estar validada por la Procuradur\u00eda. Asimismo, para la validez de la documentaci\u00f3n extranjera, es necesario que esta se encuentre apostillada conforme al Convenio de la Haya o por el consulado dominicano acreditado en el pa\u00eds de procedencia en cuanto a la jurisdicci\u00f3n de constituci\u00f3n, seg\u00fan corresponda.<\/p>\n<\/div>\n<div class=\"content-right mb-4\">\n<h5 class=\"text-dark text-uppercase\">REQUISITOS PARA INSCRIPCI\u00d3N DE CUENTA BANCARIA PARA PAGOS DEL ESTADO<\/h5>\n<ol>\n<li>Completar el\u00a0<a href=\"https:\/\/www.dgcp.gob.do\/wp-content\/uploads\/servicios\/inscripcion-actualizacion-en-el-registro-de-proveedores.pdf\" target=\"_blank\" rel=\"noopener noreferrer\">formulario para inscripci\u00f3n-actualizaci\u00f3n en el Registro de Proveedores y cuenta bancaria para fines de pago<\/a>.<\/li>\n<li>Certificaci\u00f3n bancaria original, debidamente firmada y sellada por el banco emisor; donde se haga constar el n\u00famero de cuenta, tipo de cuenta (corriente o ahorro), moneda y nombre del titular, el cual debe corresponderse con el proveedor inscrito.<\/li>\n<\/ol>\n<p><b>Nota 1:<\/b>\u00a0Para la inscripci\u00f3n de cuenta bancaria de personas jur\u00eddicas nacionales, el formulario de solicitud debe ser presentado sellado y firmado por las personas autorizadas a manejar la cuenta bancaria indicadas en la secci\u00f3n del Registro Mercantil \u00abAdministradores y\/o personas autorizadas a firmar\u00bb. En caso contrario, deber\u00e1n presentar un acta donde nombren a los responsables actuales.<\/p>\n<p><b>Nota 2:<\/b>\u00a0Para la inscripci\u00f3n de la cuenta bancaria de las Asociaciones Sin Fines de Lucro, el formulario de solicitud deber\u00e1 estar sellado y firmado por la persona designada para administrar la cuenta bancaria y adjuntar la asamblea firmada por los miembros de la junta directiva, que certifique a la persona designada para administrar la misma.<\/p>\n<p><b>Nota 3:<\/b>\u00a0Para la inscripci\u00f3n de la cuenta bancaria de las cooperativas, el formulario de solicitud deber\u00e1 estar sellado y firmado por las personas autorizadas a manejar la cuenta bancaria (acto notarial que certifique a la persona autorizada para administrar la cuenta bancaria).<\/p>\n<p><b>Nota 4:<\/b>\u00a0Para la inscripci\u00f3n de la cuenta bancaria de las personas f\u00edsicas y jur\u00eddicas extranjeras, el formulario de solicitud deber\u00e1 estar sellado y firmado por las personas autorizadas a manejar la cuenta bancaria, avalado por el documento que certifique a la persona autorizada para administrar la cuenta bancaria. La Certificaci\u00f3n bancaria debe contener adicionalmente el c\u00f3digo Swift, Aba, seg\u00fan corresponda. Si tiene banco intermediario debe presentar la certificaci\u00f3n bancaria con los datos antes mencionados correspondientes a la cuenta intermediaria. La documentaci\u00f3n que se encuentre en un idioma diferente al espa\u00f1ol, deber\u00e1 presentarse debidamente traducida por un traductor judicial.<\/p>\n<\/div>\n","protected":false},"excerpt":{"rendered":"DOCUMENTOS COMUNES A TODOS LOS SOLICITANTES: Declaraci\u00f3n original simple, que no necesita ser legalizada por notario. Deber\u00e1 tener como m\u00ednimo un per\u00edodo de vigencia de treinta (30) d\u00edas calendario, a partir de la fecha de su firma. Declaraci\u00f3n Sencilla Personas F\u00edsicas Declaraci\u00f3n Sencilla Persona Jur\u00eddica Completar formulario de solicitud (Si la solicitud es presencial). Formulario&#8230;","protected":false},"author":8,"featured_media":0,"parent":0,"menu_order":0,"comment_status":"closed","ping_status":"closed","template":"","meta":[],"acf":[],"_links":{"self":[{"href":"https:\/\/juntamunicipalcanabacoa.gob.do\/transparencia\/wp-json\/wp\/v2\/pages\/339"}],"collection":[{"href":"https:\/\/juntamunicipalcanabacoa.gob.do\/transparencia\/wp-json\/wp\/v2\/pages"}],"about":[{"href":"https:\/\/juntamunicipalcanabacoa.gob.do\/transparencia\/wp-json\/wp\/v2\/types\/page"}],"author":[{"embeddable":true,"href":"https:\/\/juntamunicipalcanabacoa.gob.do\/transparencia\/wp-json\/wp\/v2\/users\/8"}],"replies":[{"embeddable":true,"href":"https:\/\/juntamunicipalcanabacoa.gob.do\/transparencia\/wp-json\/wp\/v2\/comments?post=339"}],"version-history":[{"count":3,"href":"https:\/\/juntamunicipalcanabacoa.gob.do\/transparencia\/wp-json\/wp\/v2\/pages\/339\/revisions"}],"predecessor-version":[{"id":376,"href":"https:\/\/juntamunicipalcanabacoa.gob.do\/transparencia\/wp-json\/wp\/v2\/pages\/339\/revisions\/376"}],"wp:attachment":[{"href":"https:\/\/juntamunicipalcanabacoa.gob.do\/transparencia\/wp-json\/wp\/v2\/media?parent=339"}],"curies":[{"name":"wp","href":"https:\/\/api.w.org\/{rel}","templated":true}]}}